
-3363572
What is 158541 (base 14) in base 13?
2048cb
Convert -31201421 (base 5) to base 8.
-764746
-22211201200 (base 3) to base 13
-612a2
Convert -1170760 (base 8) to base 3.
-121110112222
6070 (base 16) to base 10
24688
Convert 1429735 (base 11) to base 16.
258137
What is 769172 (base 13) in base 10?
2790452
Convert -27748 (base 10) to base 4.
-12301210
Convert -c2462 (base 14) to base 12.
-1a655a
Convert -23022102021 (base 4) to base 8.
-13122211
What is -3082520 (base 9) in base 11?
-a26761
1100110100111010000 (base 2) to base 10
420304
-3506328 (base 10) to base 14
-673b60
What is 7c5bb (base 14) in base 3?
120101121200
Convert -110233011 (base 4) to base 16.
-14bc5
Convert -420134140 (base 5) to base 14.
-32c55d
-307411 (base 10) to base 9
-517617
Convert 1330002020 (base 4) to base 16.
7c088
Convert 21b9 (base 13) to base 7.
16514
-12031113031 (base 4) to base 2
-110001101010111001101
What is 2452720 (base 8) in base 10?
677328
2121656 (base 8) to base 7
4545462
What is 6c496 (base 14) in base 12?
108b84
Convert 14130020 (base 6) to base 3.
220022000110
Convert 455850 (base 11) to base 16.
b105f
What is -52b97 (base 14) in base 6?
-4141133
Convert -62787 (base 16) to base 10.
-403335
Convert -221100201210100 (base 3) to base 10.
-13477599
What is 33300130202 (base 4) in base 8?
17603442
Convert 11010001001101010 (base 2) to base 9.
172835
10cebc (base 16) to base 6
35335312
What is c73b50 (base 15) in base 16?
90a57e
Convert -2170d4 (base 15) to base 3.
-2222221110101
-575648 (base 10) to base 12
-239168
39b8 (base 16) to base 9
22237
Convert -256262 (base 7) to base 8.
-135313
Convert -15df8 (base 16) to base 10.
-89592
Convert -10011010111100010000 (base 2) to base 13.
-192b36
-10331210 (base 4) to base 12
-b918
Convert -112310014 (base 5) to base 12.
-207189
-4021320 (base 5) to base 15
-13e40
Convert -1222010102121 (base 3) to base 5.
-231430244
-312032110 (base 5) to base 12
-51a865
Convert 17f291 (base 16) to base 12.
638295
What is 100001011101000101000 (base 2) in base 11?
689685
9d7e6 (base 15) to base 10
501291
What is -100110041 (base 5) in base 2?
-1100000010010011100
Convert 102 (base 14) to base 4.
3012
Convert 565402 (base 7) to base 12.
4a0aa
-17418 (base 16) to base 3
-11211200000
1101101110010010110 (base 2) to base 13
1298b3
Convert 35cb5 (base 16) to base 13.
793a4
What is -5113656 (base 7) in base 12?
-2543a9
Convert 4550771 (base 8) to base 9.
2278815
30223305 (base 6) to base 8
3215131
Convert -737798 (base 12) to base 15.
-25d6a2
What is -20222404 (base 5) in base 12?
-7ab74
84694 (base 13) to base 14
62c55
11010111111111100100010 (base 2) to base 13
160a68b
32323320023 (base 4) to base 14
73cbc7
101001002111 (base 3) to base 14
52042
6434228 (base 9) to base 10
3447629
19861 (base 10) to base 15
5d41
What is 11120012010221 (base 3) in base 11?
1406838
What is -204215231 (base 6) in base 4?
-31212011203
What is 3403432 (base 7) in base 8?
1467057
3020130212 (base 4) to base 3
1112201020112
Convert 15a17 (base 14) to base 4.
31031211
Convert -31123340 (base 6) to base 8.
-3331114
-15c60c4 (base 13) to base 14
-d13508
Convert -1aab97 (base 14) to base 3.
-1210100111122
Convert -13201033201 (base 4) to base 10.
-1971169
-350a77 (base 11) to base 16
-88254
894e9d (base 15) to base 3
110022122101011
What is 1928120 (base 11) in base 15?
4463b3
-1c201c (base 13) to base 7
-6051406
12212012201 (base 3) to base 14
30064
-397027 (base 13) to base 14
-281324
Convert -101ba9 (base 12) to base 14.
-67d17
What is 3104302034 (base 5) in base 7?
104510623
What is -32001000203 (base 4) in base 5?
-1420033042
-7bd720 (base 14) to base 15
-586a2b
Convert 2300310333 (base 4) to base 13.
1c4895
Convert -163c9 (base 14) to base 6.
-1105341
Convert 111001221202 (base 3) to base 12.
104a9b
-12510777 (base 9) to base 4
-113131003012
1771462 (base 13) to base 10
7628740
Convert 114421004 (base 5) to base 3.
1000200202222
-1050423 (base 6) to base 2
-1101000000101111
What is -100011100001001100100 (base 2) in base 4?
-10130021210
10400024241 (base 5) to base 16
ace19a
Convert c98771 (base 13) to base 7.
55134134
-11000110010001000011101 (base 2) to base 7
-106136046
Convert 145650 (base 7) to base 8.
67447
What is -1003424002 (base 5) in base 4?
-13223300230
Convert -1444624 (base 8) to base 2.
-1100100100110010100
Convert 240667 (base 10) to base 3.
110020010121
What is -1055011 (base 7) in base 15?
-28dd7
Convert -213330000 (base 5) to base 15.
-131cba
21040031 (base 5) to base 4
222210313
Convert 10231414 (base 5) to base 11.
59a82
What is -621006 (base 7) in base 14?
-2a8ad
What is -102210031102 (base 4) in base 7?
-56240131
-527616 (base 12) to base 6
-43500030
20855 (base 11) to base 12
1565a
Convert -7a1a03 (base 11) to base 8.
-4674627
53026 (base 7) to base 11
9898
30144140 (base 5) to base 14
6393b
84289 (base 10) to base 8
244501
343010 (base 9) to base 2
110010001100010011
-10105570 (base 8) to base 15
-2c1e56
What is -a104eb (base 16) in base 15?
-dd6a3a
-314535 (base 7) to base 5
-3220330
77d31 (base 16) to base 8
1676461
bb80 (base 12) to base 11
145a8
Convert a36126 (base 13) to base 14.
7132d6
-75b76b (base 12) to base 13
-50420c
What is 1330123312 (base 4) in base 8?
1743366
10020200201 (base 4) to base 11
67aaa2
Convert 2432433 (base 6) to base 4.
133132011
What is -1010300102 (base 4) in base 10?
-281618
What is -928287 (base 13) in base 4?
-31002023100
What is -414555 (base 9) in base 7?
-2043401
Convert -1722728 (base 9) to base 15.
-13e672
Convert -97396 (base 12) to base 7.
-1456644
11414032024 (base 5) to base 14
1ad61c2
300213332 (base 4) to base 8
604776
What is 282a749 (base 11) in base 7?
56302615
26756281 (base 9) to base 5
11340032331
Convert -4b184 (base 14) to base 2.
-101100111101100000
Convert 33290 (base 10) to base 12.
17322
-933 (base 15) to base 5
-31243
What is -3d5cbe (base 15) in base 12?
-ba6798
Convert -117048 (base 12) to base 15.
-58715
74967 (base 13) to base 16
33591
What is 2050054 (base 6) in base 13?
3658c
Convert -46723437 (base 8) to base 5.
-10102411423
-16aba (base 16) to base 4
-112222322
59c8 (base 15) to base 3
222011222
-555b9a (base 14) to base 6
-142033004
Convert 2221311 (base 4) to base 15.
3349
782649 (base 12) to base 6
104552133
Convert -11410f (base 16) to base 11.
-702620
What is -1022211002212 (base 3) in base 10?
-705020
Convert f77f (base 16) to base 2.
1111011101111111
-1010443 (base 6) to base 15
-e3d3
Convert 111312331021 (base 4) to base 16.
576f49
What is -3cb79a (base 13) in base 10?
-1482088
Convert 4143506 (base 7) to base 12.
20043b
Convert -27724464 (base 8) to base 7.
-104200441
What is 113e25 (base 15) in base 4?
3021000032
-1020220022021 (base 3) to base 9
-1226267
Convert -6644167 (base 8) to base 5.
-424204043
Convert 1001000010000010110100 (base 2) to base 3.
11110021211102
Convert 20011100002 (base 3) to base 13.
43268
Convert 1008270 (base 11) to base 3.
10100120011120
Convert -8707 (base 16) to base 15.
-a397
-24143315 (base 6) to base 3
-1102121211102
12301130313 (base 5) to base 12
4b8a14a
What is 11403023 (base 8) in base 6?
125224403
Convert c444 (base 16) to base 10.
50244
Convert 11111001011000110100010 (base 2) to base 5.
4043000223
Convert a8bad (base 16) to base 10.
691117
What is -2881075 (base 9) in base 7?
-16334240
-556887 (base 10) to base 4
-2013331113
385442 (base 9) to base 13
82466
What is 17d326 (base 14) in base 9?
1524370
12a31b (base 12) to base 16
4b347
What is -50262461 (base 7) in base 5?
-2031313120
What is 13313001 (base 4) in base 16?
7dc1
What is 10231304 (base 5) in base 15?
1a939
Convert 131a54 (base 11) to base 10.
207574
Convert 423131303 (base 5) to base 4.
12300111030
What is -12110221212122 (base 3) in base 12?
-b85408
Convert 13c1753 (base 15) to base 7.
232250244
Convert -b057bc (base 13) to base 5.
-2022042141
Convert -814b7 (base 16) to base 12.
-216587
What is -111010110000100 (base 2) in base 12?
-154b0
What is 22001202102 (base 3) in base 10?
158744
What is 4908 (base 16) in base 3?
221122110
-6b6916 (base 12) to base 9
-3230820
-a5908 (base 13) to base 4
-1020302030
Convert -6958147 (base 11) to base 3.
-211212221021221
What is 277a3 (base 16) in base 6?
3244335
What is 2533070 (base 8) in base 10?
70